523015?
3, 5, 17, 1867
List the prime factors of 22542232.
2, 2817779
What are the prime factors of 477520332?
2, 3, 43, 443, 2089
What are the prime factors of 1412429345?
5, 67, 337, 12511
List the prime factors of 1412147027.
617, 2288731
List the prime factors of 657802613.
13, 37, 1367573
List the prime factors of 188275633.
7, 13, 167, 953
List the prime factors of 473337192.
2, 3, 137, 359, 401
What are the prime factors of 455446139?
79, 2111, 2731
List the prime factors of 64186041.
3, 59, 362633
What are the prime factors of 362689901?
7, 51812843
What are the prime factors of 16120908?
2, 3, 569, 787
List the prime factors of 39180642.
2, 3, 6530107
List the prime factors of 3162150948.
2, 3, 11, 23955689
List the prime factors of 713797324.
2, 281, 635051
List the prime factors of 36122522.
2, 151, 119611
What are the prime factors of 109004889?
3, 7, 23, 225683
What are the prime factors of 551297588?
2, 277, 497561
List the prime factors of 334653116.
2, 7, 113, 105769
What are the prime factors of 56239564?
2, 163, 86257
List the prime factors of 51529951.
11, 59, 79399
What are the prime factors of 677624656?
2, 409, 103549
What are the prime factors of 515335130?
2, 5, 1571, 32803
What are the prime factors of 277267674?
2, 3, 46211279
List the prime factors of 589022623.
7, 1291, 65179
What are the prime factors of 21464025?
3, 5, 11, 26017
What are the prime factors of 493546137?
3, 7, 83, 283159
What are the prime factors of 2855069085?
3, 5, 11, 79, 219031
What are the prime factors of 2095307672?
2, 261913459
List the prime factors of 57040235.
5, 7, 1629721
List the prime factors of 689891381.
37, 107, 174259
List the prime factors of 39036755.
5, 29, 269219
List the prime factors of 50354106.
2, 3, 11, 31, 24611
What are the prime factors of 90895948?
2, 11, 13, 158909
List the prime factors of 420928858.
2, 7, 30066347
What are the prime factors of 57444875?
5, 181, 2539
List the prime factors of 7521586.
2, 421, 8933
What are the prime factors of 6962068808?
2, 870258601
What are the prime factors of 5763754118?
2, 29, 99375071
What are the prime factors of 19091144?
2, 2386393
What are the prime factors of 6389691534?
2, 3, 439, 269539
List the prime factors of 6010384223.
89, 67532407
List the prime factors of 695429704.
2, 463, 187751
List the prime factors of 148384496.
2, 13, 601, 1187
List the prime factors of 407957024.
2, 17, 31, 1423
What are the prime factors of 51721117?
7, 113, 9341
List the prime factors of 3521822798.
2, 13, 71, 199, 9587
What are the prime factors of 3196728?
2, 3, 29, 1531
List the prime factors of 172672054.
2, 157, 549911
List the prime factors of 1980950495.
5, 3491, 113489
What are the prime factors of 42883037?
37, 1159001
List the prime factors of 91857768.
2, 3, 23, 166409
What are the prime factors of 2055196058?
2, 173, 547, 10859
What are the prime factors of 2050720?
2, 5, 7, 1831
What are the prime factors of 764398459?
11, 47, 149, 9923
What are the prime factors of 516563524?
2, 877, 147253
List the prime factors of 3851584863.
3, 7, 31, 43, 223, 617
What are the prime factors of 46282989?
3, 3889, 3967
What are the prime factors of 2992887608?
2, 374110951
List the prime factors of 121900526.
2, 11, 5540933
List the prime factors of 4765721382.
2, 3, 264762299
List the prime factors of 22761313.
22761313
List the prime factors of 1660228622.
2, 13, 31, 158449
What are the prime factors of 135280323?
3, 19, 113, 7001
What are the prime factors of 730894775?
5, 13, 347, 6481
What are the prime factors of 78192312?
2, 3, 11, 296183
What are the prime factors of 15431882?
2, 331, 23311
List the prime factors of 304981185.
3, 5, 20332079
What are the prime factors of 38740393?
38740393
List the prime factors of 212617521.
3, 17, 463219
List the prime factors of 73784888.
2, 9223111
What are the prime factors of 34437764?
2, 8609441
What are the prime factors of 12177006?
2, 3, 2029501
What are the prime factors of 230124039?
3, 23, 53, 62927
List the prime factors of 22549786.
2, 7, 17, 94747
What are the prime factors of 128307067?
7, 101, 347, 523
List the prime factors of 40844427.
3, 13, 6197
List the prime factors of 1780247360.
2, 5, 29, 191837
List the prime factors of 101087103.
3, 13, 373, 6949
List the prime factors of 1054261936.
2, 7, 13, 17, 191, 223
List the prime factors of 948945263.
7, 135563609
What are the prime factors of 48529673?
29, 1673437
What are the prime factors of 456217281?
3, 13, 613, 6361
List the prime factors of 1011967087.
23, 191, 223, 1033
List the prime factors of 99602089.
59, 193, 8747
What are the prime factors of 647784545?
5, 3083, 42023
What are the prime factors of 1091208?
2, 3, 19, 2393
What are the prime factors of 7385754527?
53, 757, 184087
What are the prime factors of 3469565380?
2, 5, 47, 3691027
List the prime factors of 105967640.
2, 5, 499, 5309
What are the prime factors of 190369014?
2, 3, 11, 2884379
List the prime factors of 2425101751.
2425101751
List the prime factors of 404388550.
2, 5, 67, 120713
What are the prime factors of 138010968?
2, 3, 113, 16963
List the prime factors of 3010179647.
17, 177069391
What are the prime factors of 6261819?
3, 23, 151, 601
What are the prime factors of 349726709?
233, 1500973
What are the prime factors of 791742507?
3, 2791, 94559
List the prime factors of 21565347.
3, 7188449
List the prime factors of 704047856.
2, 113, 163, 2389
What are the prime factors of 435847853?
7, 17, 3662587
What are the prime factors of 451606342?
2, 11, 20527561
What are the prime factors of 138676740?
2, 3, 5, 37, 62467
What are the prime factors of 129487936?
2, 151, 13399
List the prime factors of 1752876590.
2, 5, 263, 666493
List the prime factors of 114293571.
3, 7, 673, 8087
List the prime factors of 29301631.
3391, 8641
List the prime factors of 1975548647.
1975548647
What are the prime factors of 34415470?
2, 5, 227, 15161
List the prime factors of 3689857841.
13267, 278123
What are the prime factors of 551079020?
2, 5, 67, 411253
What are the prime factors of 104301998?
2, 1087, 47977
What are the prime factors of 45610639?
389, 117251
List the prime factors of 1307773216.
2, 40867913
What are the prime factors of 227651719?
227651719
What are the prime factors of 534986673?
3, 13, 13717607
List the prime factors of 800518540.
2, 5, 2659, 15053
What are the prime factors of 8242008828?
2, 3, 686834069
List the prime factors of 226748845.
5, 823, 55103
What are the prime factors of 8709211958?
2, 59, 73806881
List the prime factors of 3202592789.
11, 3463, 7643
What are the prime factors of 836288407?
5939, 140813
What are the prime factors of 1254525798?
2, 3, 277, 754829
List the prime factors of 2550006.
2, 3, 141667
What are the prime factors of 7190259?
3, 421, 5693
List the prime factors of 217751521.
13, 17, 985301
List the prime factors of 95114640.
2, 3, 5, 396311
What are the prime factors of 1053736982?
2, 29, 41, 347, 1277
List the prime factors of 345671995.
5, 89, 101, 7691
List the prime factors of 4053415610.
2, 5, 405341561
List the prime factors of 6105151.
13, 469627
List the prime factors of 16542411.
3, 17, 324361
List the prime factors of 374124911.
29, 12900859
List the prime factors of 1504354562.
2, 109, 461, 14969
List the prime factors of 73704405.
3, 5, 4913627
List the prime factors of 703036973.
107, 6570439
List the prime factors of 4467254.
2, 11, 203057
List the prime factors of 29832366.
2, 3, 4972061
What are the prime factors of 630654888?
2, 3, 26277287
What are the prime factors of 94731800?
2, 5, 473659
What are the prime factors of 111120410?
2, 5, 11112041
List the prime factors of 1292900815.
5, 53, 4878871
List the prime factors of 39732690.
2, 3, 5, 41, 32303
What are the prime factors of 3548629660?
2, 5, 29, 6118327
What are the prime factors of 747201165?
3, 5, 49813411
What are the prime factors of 7305158?
2, 7, 19, 29, 947
List the prime factors of 3037987618.
2, 17, 71, 1258487
What are the prime factors of 283146854?
2, 19, 179, 41627
List the prime factors of 1930864880.
2, 5, 7, 71, 48563
What are the prime factors of 1205769633?
3, 6949, 57839
List the prime factors of 7817760603.
3, 59, 73, 22409
List the prime factors of 1112841